[INFO] fetching crate glfw 0.39.1...
[INFO] checking glfw-0.39.1 against master#af3c6e733a40e671550e0f0f5aeecaa13772ba56 for pr-74989
[INFO] extracting crate glfw 0.39.1 into /workspace/builds/worker-12/source
[INFO] validating manifest of crates.io crate glfw 0.39.1 on toolchain af3c6e733a40e671550e0f0f5aeecaa13772ba56
[INFO] running `Command { std: "/workspace/cargo-home/bin/cargo" "+af3c6e733a40e671550e0f0f5aeecaa13772ba56" "read-manifest" "--manifest-path" "Cargo.toml", kill_on_drop: false }`
[INFO] started tweaking crates.io crate glfw 0.39.1
[INFO] finished tweaking crates.io crate glfw 0.39.1
[INFO] tweaked toml for crates.io crate glfw 0.39.1 written to /workspace/builds/worker-12/source/Cargo.toml
[INFO] crate crates.io crate glfw 0.39.1 already has a lockfile, it will not be regenerated
[INFO] running `Command { std: "/workspace/cargo-home/bin/cargo" "+af3c6e733a40e671550e0f0f5aeecaa13772ba56" "fetch" "--locked" "--manifest-path" "Cargo.toml", kill_on_drop: false }`
[INFO] running `Command { std: "docker" "create" "-v" "/var/lib/crater-agent-workspace/builds/worker-12/target:/opt/rustwide/target:rw,Z" "-v" "/var/lib/crater-agent-workspace/builds/worker-12/source:/opt/rustwide/workdir:ro,Z" "-v" "/var/lib/crater-agent-workspace/cargo-home:/opt/rustwide/cargo-home:ro,Z" "-v" "/var/lib/crater-agent-workspace/rustup-home:/opt/rustwide/rustup-home:ro,Z" "-e" "SOURCE_DIR=/opt/rustwide/workdir" "-e" "CARGO_TARGET_DIR=/opt/rustwide/target" "-e" "CARGO_HOME=/opt/rustwide/cargo-home" "-e" "RUSTUP_HOME=/opt/rustwide/rustup-home" "-w" "/opt/rustwide/workdir" "-m" "1610612736" "--user" "0:0" "--network" "none" "rustops/crates-build-env@sha256:d92eaeed33fa75130ca1ee6c8a01d1ffb62bac859dfdfb3450e3e5d1c0146529" "/opt/rustwide/cargo-home/bin/cargo" "+af3c6e733a40e671550e0f0f5aeecaa13772ba56" "metadata" "--no-deps" "--format-version=1", kill_on_drop: false }`
[INFO] [stdout] e314464b1103b4b5a9a3bf599cf7044c549706958718dd20789c3cd26faff16c
[INFO] [stderr] WARNING: Your kernel does not support swap limit capabilities or the cgroup is not mounted. Memory limited without swap.
[INFO] running `Command { std: "docker" "start" "-a" "e314464b1103b4b5a9a3bf599cf7044c549706958718dd20789c3cd26faff16c", kill_on_drop: false }`
[INFO] running `Command { std: "docker" "inspect" "e314464b1103b4b5a9a3bf599cf7044c549706958718dd20789c3cd26faff16c", kill_on_drop: false }`
[INFO] running `Command { std: "docker" "rm" "-f" "e314464b1103b4b5a9a3bf599cf7044c549706958718dd20789c3cd26faff16c", kill_on_drop: false }`
[INFO] [stdout] e314464b1103b4b5a9a3bf599cf7044c549706958718dd20789c3cd26faff16c
[INFO] running `Command { std: "docker" "create" "-v" "/var/lib/crater-agent-workspace/builds/worker-12/target:/opt/rustwide/target:rw,Z" "-v" "/var/lib/crater-agent-workspace/builds/worker-12/source:/opt/rustwide/workdir:ro,Z" "-v" "/var/lib/crater-agent-workspace/cargo-home:/opt/rustwide/cargo-home:ro,Z" "-v" "/var/lib/crater-agent-workspace/rustup-home:/opt/rustwide/rustup-home:ro,Z" "-e" "SOURCE_DIR=/opt/rustwide/workdir" "-e" "CARGO_TARGET_DIR=/opt/rustwide/target" "-e" "CARGO_INCREMENTAL=0" "-e" "RUST_BACKTRACE=full" "-e" "RUSTFLAGS=--cap-lints=forbid" "-e" "CARGO_HOME=/opt/rustwide/cargo-home" "-e" "RUSTUP_HOME=/opt/rustwide/rustup-home" "-w" "/opt/rustwide/workdir" "-m" "1610612736" "--user" "0:0" "--network" "none" "rustops/crates-build-env@sha256:d92eaeed33fa75130ca1ee6c8a01d1ffb62bac859dfdfb3450e3e5d1c0146529" "/opt/rustwide/cargo-home/bin/cargo" "+af3c6e733a40e671550e0f0f5aeecaa13772ba56" "check" "--frozen" "--all" "--all-targets" "--message-format=json", kill_on_drop: false }`
[INFO] [stdout] d4175130e82da0b450e8e3d95d3539216fbab79d0ef3f6222f8f55f928205146
[INFO] [stderr] WARNING: Your kernel does not support swap limit capabilities or the cgroup is not mounted. Memory limited without swap.
[INFO] running `Command { std: "docker" "start" "-a" "d4175130e82da0b450e8e3d95d3539216fbab79d0ef3f6222f8f55f928205146", kill_on_drop: false }`
[INFO] [stderr]     Blocking waiting for file lock on package cache
[INFO] [stderr]    Compiling autocfg v1.0.0
[INFO] [stderr]     Checking cfg-if v0.1.10
[INFO] [stderr]    Compiling libc v0.2.72
[INFO] [stderr]    Compiling maybe-uninit v2.0.0
[INFO] [stderr]     Checking lazy_static v1.4.0
[INFO] [stderr]    Compiling byteorder v1.3.4
[INFO] [stderr]    Compiling rayon-core v1.7.1
[INFO] [stderr]     Checking scopeguard v1.1.0
[INFO] [stderr]    Compiling cc v1.0.58
[INFO] [stderr]    Compiling crc32fast v1.2.0
[INFO] [stderr]     Checking lzw v0.10.0
[INFO] [stderr]     Checking either v1.5.3
[INFO] [stderr]     Checking color_quant v1.0.1
[INFO] [stderr]     Checking bytemuck v1.2.0
[INFO] [stderr]     Checking scoped_threadpool v0.1.9
[INFO] [stderr]     Checking vk-sys v0.4.0
[INFO] [stderr]     Checking semver v0.9.0
[INFO] [stderr]     Checking bitflags v1.2.1
[INFO] [stderr]     Checking log v0.4.8
[INFO] [stderr]     Checking gif v0.10.3
[INFO] [stderr]    Compiling crossbeam-utils v0.7.2
[INFO] [stderr]    Compiling memoffset v0.5.5
[INFO] [stderr]    Compiling crossbeam-epoch v0.8.2
[INFO] [stderr]    Compiling num-traits v0.2.12
[INFO] [stderr]    Compiling num-integer v0.1.43
[INFO] [stderr]    Compiling rayon v1.3.1
[INFO] [stderr]    Compiling num-rational v0.3.0
[INFO] [stderr]    Compiling num-iter v0.1.41
[INFO] [stderr]     Checking deflate v0.8.6
[INFO] [stderr]     Checking tiff v0.5.0
[INFO] [stderr]    Compiling cmake v0.1.44
[INFO] [stderr]     Checking crossbeam-queue v0.2.3
[INFO] [stderr]     Checking png v0.16.6
[INFO] [stderr]     Checking num_cpus v1.13.0
[INFO] [stderr]     Checking raw-window-handle v0.3.3
[INFO] [stderr]    Compiling glfw-sys v3.3.2
[INFO] [stderr]     Checking crossbeam-deque v0.7.3
[INFO] [stderr]     Checking glfw v0.39.1 (/opt/rustwide/workdir)
[INFO] [stderr]     Checking jpeg-decoder v0.1.20
[INFO] [stderr]     Checking image v0.23.7
[INFO] [stdout] error[E0601]: `main` function not found in crate `cursor_icon`
[INFO] [stdout]   --> examples/cursor_icon.rs:15:1
[INFO] [stdout]    |
[INFO] [stdout] 15 | / #![cfg(feature = "image")]
[INFO] [stdout] 16 | |
[INFO] [stdout] 17 | | extern crate glfw;
[INFO] [stdout] 18 | | extern crate image;
[INFO] [stdout] ...  |
[INFO] [stdout] 57 | |     }
[INFO] [stdout] 58 | | }
[INFO] [stdout]    | |_^ consider adding a `main` function to `examples/cursor_icon.rs`
[INFO] [stdout] 
[INFO] [stdout] 
[INFO] [stdout] error: aborting due to previous error
[INFO] [stdout] 
[INFO] [stdout] 
[INFO] [stdout] For more information about this error, try `rustc --explain E0601`.
[INFO] [stdout] 
[INFO] [stdout] error[E0601]: `main` function not found in crate `vulkan`
[INFO] [stdout]    --> examples/vulkan.rs:15:1
[INFO] [stdout]     |
[INFO] [stdout] 15  | / #![cfg(feature = "vulkan")]
[INFO] [stdout] 16  | |
[INFO] [stdout] 17  | | extern crate glfw;
[INFO] [stdout] 18  | | extern crate vk_sys;
[INFO] [stdout] ...   |
[INFO] [stdout] 101 | |     instance_ptrs.DestroyInstance(instance, ptr::null());
[INFO] [stdout] 102 | | }
[INFO] [stdout]     | |_^ consider adding a `main` function to `examples/vulkan.rs`
[INFO] [stdout] 
[INFO] [stdout] 
[INFO] [stdout] error: aborting due to previous error
[INFO] [stdout] 
[INFO] [stdout] 
[INFO] [stdout] For more information about this error, try `rustc --explain E0601`.
[INFO] [stdout] 
[INFO] [stdout] error[E0601]: `main` function not found in crate `window_icon`
[INFO] [stdout]   --> examples/window_icon.rs:15:1
[INFO] [stdout]    |
[INFO] [stdout] 15 | / #![cfg(feature = "image")]
[INFO] [stdout] 16 | |
[INFO] [stdout] 17 | | extern crate glfw;
[INFO] [stdout] 18 | | extern crate image;
[INFO] [stdout] ...  |
[INFO] [stdout] 57 | |     }
[INFO] [stdout] 58 | | }
[INFO] [stdout]    | |_^ consider adding a `main` function to `examples/window_icon.rs`
[INFO] [stdout] 
[INFO] [stdout] 
[INFO] [stdout] error: aborting due to previous error
[INFO] [stdout] 
[INFO] [stdout] 
[INFO] [stderr] error: could not compile `glfw`.
[INFO] [stderr] 
[INFO] [stderr] To learn more, run the command again with --verbose.
[INFO] [stderr] warning: build failed, waiting for other jobs to finish...
[INFO] [stdout] For more information about this error, try `rustc --explain E0601`.
[INFO] [stdout] 
[INFO] [stderr] error: build failed
[INFO] running `Command { std: "docker" "inspect" "d4175130e82da0b450e8e3d95d3539216fbab79d0ef3f6222f8f55f928205146", kill_on_drop: false }`
[INFO] running `Command { std: "docker" "rm" "-f" "d4175130e82da0b450e8e3d95d3539216fbab79d0ef3f6222f8f55f928205146", kill_on_drop: false }`
[INFO] [stdout] d4175130e82da0b450e8e3d95d3539216fbab79d0ef3f6222f8f55f928205146
